{"id":39,"date":"2019-08-08T16:35:10","date_gmt":"2019-08-08T16:35:10","guid":{"rendered":"https:\/\/www.fwg-asbach.de\/?page_id=39"},"modified":"2024-05-23T13:34:15","modified_gmt":"2024-05-23T13:34:15","slug":"news","status":"publish","type":"page","link":"https:\/\/www.fwg-asbach.de\/index.php\/news\/","title":{"rendered":"Aktuelles"},"content":{"rendered":"\n<p><\/p>\n\n\n\n<h1 class=\"wp-block-heading\">Haushalt Ortsgemeinde Asbach<\/h1>\n\n\n\n<p id=\"block-146c2a9c-cfe3-4835-8e01-4f0b8111839f\"><strong>Ergebnishaushalt<\/strong> <strong>OG Asbach<\/strong> <strong>Jahresfehlbetrag 2023<\/strong> <strong><u>-319.420\u20ac<\/u><\/strong><\/p>\n\n\n\n<p id=\"block-58877a49-c9f4-4555-ac0c-259594ddad3e\"><strong>Ergebnishaushalt<\/strong> <strong>OG AsbachJahresfehlbetrag 2025<\/strong> <strong><u>-575.690\u20ac<\/u><\/strong><\/p>\n\n\n\n<p id=\"block-dcdbd7ac-870e-43a1-8505-d036fe3e1842\">Die letzten 30 Monaten hat die <strong>FWG<\/strong> Asbach verschieden Antr\u00e4ge von Parteien abgelehnt mit der Begr\u00fcndung, dass der Haushalt der Ortsgemeinde keinen Spielraum hat. In erster Linie m\u00fcssen wir unsere Pflichtaufgaben erf\u00fcllen. Im Dezember 2022 wurde dem Haupt und Finanzausschuss in einer Sitzung den Haushaltsplan 2023\/2024 vom B\u00fcrgermeister vorgelegt. Der Haushaltsplan war ern\u00fcchternd und so wie es die <strong>FWG<\/strong> erwartet hat. Dieser Haushaltsplan wurde in vier Sitzungen durch den Haupt- und Finanzausschuss \u00fcberarbeitet bis wir diesen Haushaltsplan dem Rat zur Abstimmung vorlegen konnten. Es wurden einige geplanten Arbeiten in die n\u00e4chsten Jahre verschoben. Die Ortsgemeinde Asbach ist zwar Schuldenfrei jedoch haben wir einen defizienteren Haushalt (<strong>Ausgaben sind h\u00f6her als die Einnahmen<\/strong>). Die Ortsgemeinde hat Pflichtaufgaben und die wichtigsten sind Ortsgemeindestra\u00dfen, Kindergarten. Die <strong>FWG<\/strong> waren mit Ihrer Einsch\u00e4tzung was den Finanzhaushalt der Ortgemeinde Asbach lag genau richtig.<\/p>\n","protected":false},"excerpt":{"rendered":"<p>Haushalt Ortsgemeinde Asbach Ergebnishaushalt OG Asbach Jahresfehlbetrag 2023 -319.420\u20ac Ergebnishaushalt OG AsbachJahresfehlbetrag 2025 -575.690\u20ac Die letzten 30 Monaten hat die&hellip;<\/p>\n","protected":false},"author":2,"featured_media":0,"parent":0,"menu_order":0,"comment_status":"closed","ping_status":"closed","template":"","meta":{"footnotes":""},"_links":{"self":[{"href":"https:\/\/www.fwg-asbach.de\/index.php\/wp-json\/wp\/v2\/pages\/39"}],"collection":[{"href":"https:\/\/www.fwg-asbach.de\/index.php\/wp-json\/wp\/v2\/pages"}],"about":[{"href":"https:\/\/www.fwg-asbach.de\/index.php\/wp-json\/wp\/v2\/types\/page"}],"author":[{"embeddable":true,"href":"https:\/\/www.fwg-asbach.de\/index.php\/wp-json\/wp\/v2\/users\/2"}],"replies":[{"embeddable":true,"href":"https:\/\/www.fwg-asbach.de\/index.php\/wp-json\/wp\/v2\/comments?post=39"}],"version-history":[{"count":6,"href":"https:\/\/www.fwg-asbach.de\/index.php\/wp-json\/wp\/v2\/pages\/39\/revisions"}],"predecessor-version":[{"id":303,"href":"https:\/\/www.fwg-asbach.de\/index.php\/wp-json\/wp\/v2\/pages\/39\/revisions\/303"}],"wp:attachment":[{"href":"https:\/\/www.fwg-asbach.de\/index.php\/wp-json\/wp\/v2\/media?parent=39"}],"curies":[{"name":"wp","href":"https:\/\/api.w.org\/{rel}","templated":true}]}}